{"id":2499,"date":"2021-11-23T17:31:53","date_gmt":"2021-11-23T15:31:53","guid":{"rendered":"https:\/\/serialectrice.com\/?page_id=2499"},"modified":"2021-11-23T19:19:37","modified_gmt":"2021-11-23T17:19:37","slug":"qui-suis-je","status":"publish","type":"page","link":"https:\/\/serialectrice.com\/index.php\/qui-suis-je\/","title":{"rendered":"Qui suis-je ?"},"content":{"rendered":"<p>[vc_row][vc_column][vc_single_image image=\u00a0\u00bb2505&Prime; img_size=\u00a0\u00bbmedium\u00a0\u00bb alignment=\u00a0\u00bbcenter\u00a0\u00bb style=\u00a0\u00bbvc_box_border_circle_2&Prime;][vc_custom_heading text=\u00a0\u00bbQui suis-je ?\u00a0\u00bb font_container=\u00a0\u00bbtag:h2|text_align:center\u00a0\u00bb google_fonts=\u00a0\u00bbfont_family:Balthazar%3Aregular|font_style:400%20regular%3A400%3Anormal\u00a0\u00bb][vc_column_text]<span style=\"font-size: 14pt;\">Je m&rsquo;appelle C\u00e9cile, 38 ans, et je suis maman d&rsquo;un gar\u00e7on de 10 ans. Je suis ma\u00eetresse d&rsquo;\u00e9cole mais surtout je suis <strong>une lectrice en s\u00e9rie.<\/strong><\/span><br \/>\n<span style=\"font-size: 14pt;\">Je lis une <strong>dizaine de romans par mois<\/strong>, une douzaine lorsque je suis affamm\u00e9e. Je lis \u00e9norm\u00e9ment de <strong>policiers \/ thrillers<\/strong> mais depuis que j&rsquo;ai ouvert ce blog, je m&rsquo;essaie \u00e0 de nouveaux genres, pour sortir de ma zone de confort. Ainsi, je lis de la <strong>litt\u00e9rature g\u00e9n\u00e9rale ou des feel-goods.<\/strong> De temps \u00e0 autre, il peut m&rsquo;arriver de lire de la romance, de la science-fiction ou de la fantasy mais \u00e7a reste une litt\u00e9rature qui ne m&rsquo;attire pas sp\u00e9cialement.<\/span><\/p>\n<p>&nbsp;<\/p>\n<p><span style=\"font-size: 14pt;\">En 2020 et 2021, j&rsquo;ai eu la joie d&rsquo;\u00eatre s\u00e9lectionn\u00e9e pour faire partie du <strong>jury<\/strong> des <a href=\"https:\/\/serialectrice.com\/index.php\/2020\/09\/12\/nouvelles-voies-du-polar-2020\/\">nouvelles voix du polar<\/a> avec les <a href=\"https:\/\/www.lisez.com\/pocket\/15\">\u00e9ditions Pocket<\/a>.<\/span><\/p>\n<p><span style=\"font-size: 14pt;\">En 2021, j&rsquo;ai \u00e9galement \u00e9t\u00e9 membre du <strong>jury<\/strong> du <a href=\"https:\/\/prixdeslecteurs.livredepoche.com\/\">Prix des lecteurs<\/a>, Polar\/Thriller avec les \u00e9ditions <a href=\"https:\/\/www.livredepoche.com\/\">Livre de poche.<\/a><\/span><\/p>\n<p><span style=\"font-size: 14pt;\">De mani\u00e8re plus ou moins r\u00e9guli\u00e8re, je participe \u00e9galement au <a href=\"https:\/\/www.femina.fr\/article\/faire-partie-du-jury-du-coup-de-coeur-des-lectrices\">Coup de coeur des lectrices<\/a> avec le magazine Version Femina.<\/span><\/p>\n<p><span style=\"font-size: 14pt;\">Je fais \u00e9galement partie de la plateforme <a href=\"https:\/\/www.netgalley.fr\/\">NetGalley<\/a> gr\u00e2ce \u00e0 laquelle je re\u00e7ois des <strong>service-presse num\u00e9riques<\/strong>.<\/span><\/p>\n<p>&nbsp;<\/p>\n<p><span style=\"font-size: 14pt;\">C&rsquo;est aussi avec grand plaisir que <strong>j&rsquo;accepte de recevoir vos romans, si ces derniers rentrent dans mes pr\u00e9f\u00e9rences litt\u00e9raires<\/strong>. J&rsquo;ai fait l&rsquo;erreur auparavant d&rsquo;accepter des livres qui ne me correspondent pas, et il est alors difficile de les chroniquer n\u00e9gativement alors que c&rsquo;est simplement parce que le genre ne me convient pas.<\/span><\/p>\n<p><span style=\"font-size: 14pt;\">Si vous souhaitez m&rsquo;envoyer un service-presse, je vous invite \u00e0 me contacter via le <a href=\"https:\/\/serialectrice.com\/index.php\/formulaire-de-contact\/\">formulaire de contact.<\/a><\/span><br \/>\n<span style=\"font-size: 14pt;\">Je suis \u00e9galement ouverte \u00e0 des <strong>partenariats avec des maisons d&rsquo;\u00e9dition<\/strong> dont la ligne \u00e9ditoriale correspond \u00e0 mes go\u00fbts litt\u00e9raires.<\/span>[\/vc_column_text][\/vc_column][\/vc_row]<\/p>\n","protected":false},"excerpt":{"rendered":"<p>[vc_row][vc_column][vc_single_image image=\u00a0\u00bb2505&Prime; img_size=\u00a0\u00bbmedium\u00a0\u00bb alignment=\u00a0\u00bbcenter\u00a0\u00bb style=\u00a0\u00bbvc_box_border_circle_2&Prime;][vc_custom_heading text=\u00a0\u00bbQui suis-je ?\u00a0\u00bb font_container=\u00a0\u00bbtag:h2|text_align:center\u00a0\u00bb google_fonts=\u00a0\u00bbfont_family:Balthazar%3Aregular|font_style:400%20regular%3A400%3Anormal\u00a0\u00bb][vc_column_text]Je m&rsquo;appelle C\u00e9cile, 38 ans, et je suis maman d&rsquo;un gar\u00e7on de 10 ans. Je suis ma\u00eetresse d&rsquo;\u00e9cole mais surtout je suis une lectrice en s\u00e9rie. Je lis une dizaine de romans par mois, une douzaine lorsque je suis affamm\u00e9e. Je lis \u00e9norm\u00e9ment de policiers \/ thrillers mais depuis que j&rsquo;ai ouvert ce blog, je m&rsquo;essaie \u00e0 de nouveaux genres, pour sortir de ma zone de confort. Ainsi, je lis de la litt\u00e9rature g\u00e9n\u00e9rale ou des feel-goods. De temps \u00e0 autre, il peut m&rsquo;arriver de lire de la romance, de la &hellip; <\/p>\n","protected":false},"author":1,"featured_media":0,"parent":0,"menu_order":0,"comment_status":"closed","ping_status":"closed","template":"","meta":{"_crdt_document":"","om_disable_all_campaigns":false,"_uag_custom_page_level_css":"","_monsterinsights_skip_tracking":false,"_monsterinsights_sitenote_active":false,"_monsterinsights_sitenote_note":"","_monsterinsights_sitenote_category":0,"_uf_show_specific_survey":0,"_uf_disable_surveys":false,"footnotes":""},"class_list":["post-2499","page","type-page","status-publish","hentry"],"aioseo_notices":[],"uagb_featured_image_src":{"full":false,"thumbnail":false,"medium":false,"medium_large":false,"large":false,"post-slider-thumb-size":false,"post-category-slider-size":false,"1536x1536":false,"2048x2048":false,"hello-fashion-slider":false,"hello-fashion-blog-three":false,"hello-fashion-blog-four":false,"vilva-slider-one":false,"vilva-featured-four":false,"vilva-blog":false,"vilva-blog-one":false,"vilva-sidebar":false},"uagb_author_info":{"display_name":"SeriaLectrice","author_link":"https:\/\/serialectrice.com\/index.php\/author\/cilounegmail-com\/"},"uagb_comment_info":0,"uagb_excerpt":"[vc_row][vc_column][vc_single_image image=\u00a0\u00bb2505&Prime; img_size=\u00a0\u00bbmedium\u00a0\u00bb alignment=\u00a0\u00bbcenter\u00a0\u00bb style=\u00a0\u00bbvc_box_border_circle_2&Prime;][vc_custom_heading text=\u00a0\u00bbQui suis-je ?\u00a0\u00bb font_container=\u00a0\u00bbtag:h2|text_align:center\u00a0\u00bb google_fonts=\u00a0\u00bbfont_family:Balthazar%3Aregular|font_style:400%20regular%3A400%3Anormal\u00a0\u00bb][vc_column_text]Je m&rsquo;appelle C\u00e9cile, 38 ans, et je suis maman d&rsquo;un gar\u00e7on de 10 ans. Je suis ma\u00eetresse d&rsquo;\u00e9cole mais surtout je suis une lectrice en s\u00e9rie. Je lis une dizaine de romans par mois, une douzaine lorsque je suis affamm\u00e9e. Je lis \u00e9norm\u00e9ment de policiers \/\u2026","jetpack_sharing_enabled":true,"jetpack_likes_enabled":true,"_links":{"self":[{"href":"https:\/\/serialectrice.com\/index.php\/wp-json\/wp\/v2\/pages\/2499","targetHints":{"allow":["GET"]}}],"collection":[{"href":"https:\/\/serialectrice.com\/index.php\/wp-json\/wp\/v2\/pages"}],"about":[{"href":"https:\/\/serialectrice.com\/index.php\/wp-json\/wp\/v2\/types\/page"}],"author":[{"embeddable":true,"href":"https:\/\/serialectrice.com\/index.php\/wp-json\/wp\/v2\/users\/1"}],"replies":[{"embeddable":true,"href":"https:\/\/serialectrice.com\/index.php\/wp-json\/wp\/v2\/comments?post=2499"}],"version-history":[{"count":0,"href":"https:\/\/serialectrice.com\/index.php\/wp-json\/wp\/v2\/pages\/2499\/revisions"}],"wp:attachment":[{"href":"https:\/\/serialectrice.com\/index.php\/wp-json\/wp\/v2\/media?parent=2499"}],"curies":[{"name":"wp","href":"https:\/\/api.w.org\/{rel}","templated":true}]}}

<p>[vc_row][vc_column][vc_single_image image= »2505&Prime; img_size= »medium » alignment= »center » style= »vc_box_border_circle_2&Prime;][vc_custom_heading text= »Qui suis-je ? » font_container= »tag:h2|text_align:center » google_fonts= »font_family:Balthazar%3Aregular|font_style:400%20regular%3A400%3Anormal »][vc_column_text]<span style="font-size: 14pt;">Je m&rsquo;appelle Cécile, 38 ans, et je suis maman d&rsquo;un garçon de 10 ans. Je suis maîtresse d&rsquo;école mais surtout je suis <strong>une lectrice en série.</strong></span><br />
<span style="font-size: 14pt;">Je lis une <strong>dizaine de romans par mois</strong>, une douzaine lorsque je suis affammée. Je lis énormément de <strong>policiers / thrillers</strong> mais depuis que j&rsquo;ai ouvert ce blog, je m&rsquo;essaie à de nouveaux genres, pour sortir de ma zone de confort. Ainsi, je lis de la <strong>littérature générale ou des feel-goods.</strong> De temps à autre, il peut m&rsquo;arriver de lire de la romance, de la science-fiction ou de la fantasy mais ça reste une littérature qui ne m&rsquo;attire pas spécialement.</span></p>
<p>&nbsp;</p>
<p><span style="font-size: 14pt;">En 2020 et 2021, j&rsquo;ai eu la joie d&rsquo;être sélectionnée pour faire partie du <strong>jury</strong> des <a href="https://serialectrice.com/index.php/2020/09/12/nouvelles-voies-du-polar-2020/">nouvelles voix du polar</a> avec les <a href="https://www.lisez.com/pocket/15">éditions Pocket</a>.</span></p>
<p><span style="font-size: 14pt;">En 2021, j&rsquo;ai également été membre du <strong>jury</strong> du <a href="https://prixdeslecteurs.livredepoche.com/">Prix des lecteurs</a>, Polar/Thriller avec les éditions <a href="https://www.livredepoche.com/">Livre de poche.</a></span></p>
<p><span style="font-size: 14pt;">De manière plus ou moins régulière, je participe également au <a href="https://www.femina.fr/article/faire-partie-du-jury-du-coup-de-coeur-des-lectrices">Coup de coeur des lectrices</a> avec le magazine Version Femina.</span></p>
<p><span style="font-size: 14pt;">Je fais également partie de la plateforme <a href="https://www.netgalley.fr/">NetGalley</a> grâce à laquelle je reçois des <strong>service-presse numériques</strong>.</span></p>
<p>&nbsp;</p>
<p><span style="font-size: 14pt;">C&rsquo;est aussi avec grand plaisir que <strong>j&rsquo;accepte de recevoir vos romans, si ces derniers rentrent dans mes préférences littéraires</strong>. J&rsquo;ai fait l&rsquo;erreur auparavant d&rsquo;accepter des livres qui ne me correspondent pas, et il est alors difficile de les chroniquer négativement alors que c&rsquo;est simplement parce que le genre ne me convient pas.</span></p>
<p><span style="font-size: 14pt;">Si vous souhaitez m&rsquo;envoyer un service-presse, je vous invite à me contacter via le <a href="https://serialectrice.com/index.php/formulaire-de-contact/">formulaire de contact.</a></span><br />
<span style="font-size: 14pt;">Je suis également ouverte à des <strong>partenariats avec des maisons d&rsquo;édition</strong> dont la ligne éditoriale correspond à mes goûts littéraires.</span>[/vc_column_text][/vc_column][/vc_row]</p>

<p>[vc_row][vc_column][vc_single_image image= »2505&Prime; img_size= »medium » alignment= »center » style= »vc_box_border_circle_2&Prime;][vc_custom_heading text= »Qui suis-je ? » font_container= »tag:h2|text_align:center » google_fonts= »font_family:Balthazar%3Aregular|font_style:400%20regular%3A400%3Anormal »][vc_column_text]Je m&rsquo;appelle Cécile, 38 ans, et je suis maman d&rsquo;un garçon de 10 ans. Je suis maîtresse d&rsquo;école mais surtout je suis une lectrice en série. Je lis une dizaine de romans par mois, une douzaine lorsque je suis affammée. Je lis énormément de policiers / thrillers mais depuis que j&rsquo;ai ouvert ce blog, je m&rsquo;essaie à de nouveaux genres, pour sortir de ma zone de confort. Ainsi, je lis de la littérature générale ou des feel-goods. De temps à autre, il peut m&rsquo;arriver de lire de la romance, de la &hellip; </p>

[vc_row][vc_column][vc_single_image image= »2505&Prime; img_size= »medium » alignment= »center » style= »vc_box_border_circle_2&Prime;][vc_custom_heading text= »Qui suis-je ? » font_container= »tag:h2|text_align:center » google_fonts= »font_family:Balthazar%3Aregular|font_style:400%20regular%3A400%3Anormal »][vc_column_text]Je m&rsquo;appelle Cécile, 38 ans, et je suis maman d&rsquo;un garçon de 10 ans. Je suis maîtresse d&rsquo;école mais surtout je suis une lectrice en série. Je lis une dizaine de romans par mois, une douzaine lorsque je suis affammée. Je lis énormément de policiers /…
